 = g**3 + 11*g**2 + 5*g + 58. Let r be j(-11). Is 3/r*-5 - (-6 + -14178) a prime number?
False
Let d(r) = -957*r**3 + 9*r**2 + 88*r + 485. Is d(-6) prime?
True
Suppose c - 5*p - 4713 = 0, 40*c - p = 41*c - 4701. Is c a composite number?
False
Let j(w) = -w**2 + 6*w + 5. Let k be j(9). Let y = k - -26. Suppose -y*d = -2483 + 759. Is d a prime number?
True
Let w(q) = -2*q**3 - 29*q + 34. Let a(l) = 3*l + 9. Let c be a(-8). Is w(c) a prime number?
True
Let y = 40672 + 45889. Is y prime?
True
Suppose 30688539 = 7*z + 17*z - 19565949. Is z a composite number?
True
Suppose -31 = 5*c - 106. Let b(o) = -16*o + 11 - 5*o**2 + 6*o**3 + c*o - 4. Is b(4) a prime number?
True
Suppose -2*o - 1090860 = -2*d, 0 = -3*d + 3*o - o + 1636294. Is d/22 - 222/(-407) composite?
False
Let f(v) = 344*v**2 + v + 88. Is f(9) prime?
True
Let w(f) = 14301*f**3 - 3*f**2 - 20*f + 62. Is w(3) prime?
False
Suppose -54*v + 9366311 = 63*v - 14677306. Is v a prime number?
False
Suppose 0 = 72*d - 172*d + 90100. Is d a prime number?
False
Let v(g) be the first derivative of -g**3/3 - 15*g**2/2 + 5*g + 1. Let s(t) = -8*t + 3. Let z(i) = 9*s(i) - 4*v(i). Is z(9) prime?
True
Let d = -53134 - -91607. Is d a composite number?
True
Suppose 32*w + 175916 = 972748. Is w composite?
True
Let w(s) = -5*s**2 - 3*s - 4 + 7 + 4*s**2. Let v be w(2). Is (v/14)/((-2)/2164 - 0) a prime number?
True
Suppose -4*y - 3*a + 9 = 0, -4*y + 26 + 8 = -2*a. Let m(l) = 45*l - 9 + 0 - 2. Is m(y) composite?
True
Suppose -26 - 9 = -7*b. Suppose 0 = 3*y + b*f + 324 - 1141, -3*y + 5*f = -827. Is y composite?
True
Suppose j - 290 = -4*o - 4*j, 3*j = -4*o + 286. Suppose 8983 = -57*y + o*y. Is y prime?
True
Let f(v) be the third derivative of 93*v**4/4 - 11*v**3/2 - 24*v**2. Is f(4) a prime number?
False
Let k be (-7)/(-84) - (1 - (-17468)/(-48)). Suppose -9*s = -k - 510. Is s prime?
True
Suppose -14526 - 9306 = -72*j. Is j a composite number?
False
Let k(j) = 12*j**2 + 4*j + 11. Suppose 2*h + d - 13 = -2*h, -4*d + 10 = -5*h. Suppose 0 = 5*y + 3*w - 19, 2*w = h*y - 0*y - 14. Is k(y) a composite number?
False
Let j(d) = 61*d**2 - 36*d + 282. Is j(-31) a composite number?
True
Let n be (-18)/(-117) - 24/(-13). Suppose -5*v - 28 + 81 = 2*u, -5*u = -2*v - n. Is (v/(-18) + (-14)/(-4))*47 a prime number?
False
Suppose 2*v = 211 - 193. Suppose v*o + 5181 - 90924 = 0. Is o a prime number?
False
Is (17640 - -3)*((-2)/(-5))/((-78)/(-325)) a prime number?
False
Let d = 64823 - 91393. Is ((-168)/(-16))/((-15)/d) prime?
False
Let h(s) = 14*s**3 + s**2 - 4*s - 3. Let t be h(2). Suppose -108*g + 12297 = -t*g. Is g composite?
False
Let z(b) = -114*b - 47. Let r(y) = 113*y + 48. Let t(c) = 6*r(c) + 7*z(c). Is t(-8) a prime number?
True
Suppose 0 = -2*p + 6*w + 233974, 4*w - 652483 + 67662 = -5*p. Is p a composite number?
False
Suppose -213183378 + 59459201 = -125*f + 47014198. Is f prime?
True
Suppose 7*h - 16160 = -3*h. Let g = 4264 - h. Let k = g - 1249. Is k composite?
False
Let a(v) = -1. Let i(m) = 89*m - 93. Let k(t) = -2*a(t) - i(t). Is k(-6) composite?
True
Let d = 52352 + 13871. Is d prime?
False
Let c be 8/(-20) + (-60935)/(-25). Suppose -5*h = -d - 6, 5*h - 3*h + 3*d = 16. Suppose 0 = h*o + 3*y - c, -8*y + 3*y = -25. Is o a prime number?
False
Suppose 2*h = 4*w - 237754, -6*w + 5*h = -9*w + 178348. Is w a composite number?
False
Suppose -77*d + 50018319 = 310*d - 18*d. Is d a prime number?
False
Suppose -224*t = -211*t - 1135043. Is t a prime number?
False
Let b = 138 + -120. Is 6/(b/5919)*(2 + -1) a composite number?
False
Let v = -2 - -7. Let w = v + -6. Is (-3)/(((-15)/(-95))/w) prime?
True
Let y be ((-47)/(-141))/(1/9). Suppose 12257 = 14*q + y*q. Is q a prime number?
False
Suppose -22*k = -21*k - 16. Suppose -l - 14 = 3*r, -9 = 5*r + k. Is 607 - (-10 + 5) - (-3 + l) composite?
True
Let x(t) = 348*t**2 - 151*t + 4546. Is x(27) prime?
True
Let m be 0/(0 + -1) + 264303/27. Suppose m = 5*o - 2*o. Let f = o - 1696. Is f prime?
True
Suppose 8*z + 167695 = -5*s + 6*z, -3*s - 2*z = 100613. Let a = -20664 - s. Is a a composite number?
True
Let u(l) be the first derivative of 17*l**3/3 - 45*l**2/2 + 37*l + 143. Is u(30) a composite number?
True
Let k(t) be the second derivative of t**5/5 - t**4/6 + t**3/3 + 11*t**2/2 - 30*t. Let p be 37/6 - (-6)/(-36). Is k(p) a composite number?
True
Let s be -15 - -8*6/12. Let i(y) = -149*y + 54. Is i(s) a composite number?
False
Let b(c) = -c**2 - c - 4. Let g be b(0). Let i(s) be the third derivative of -2*s**6/15 + s**5/60 + s**3/2 - 75*s**2. Is i(g) a prime number?
False
Suppose -5*t - 1267 = -4*z - 248752, -2*z = 2*t - 99012. Suppose 5*q - 123760 = 5*x, x + 0*x + t = 2*q. Is q a composite number?
False
Let m = 16880 + -8023. Is m prime?
False
Suppose -3*x + 4*a + 305849 + 991312 = 0, -4*a = 3*x - 1297113. Is x a prime number?
False
Suppose 3*q + 4*o - 33 + 8 = 0, -o + 19 = 5*q. Suppose 3 - 12 = -q*b. Suppose -w - a = 2*a - 334, 5*w = b*a + 1652. Is w prime?
True
Suppose 2*q - 3*q = 5*u - 77102, 4*q - 3*u - 308569 = 0. Is q composite?
False
Let k(m) = 6*m**2 - 24*m + 1345. Is k(81) a composite number?
False
Let q(i) = 250*i - 352. Let x be q(-39). Let g = x + 14147. Is g a composite number?
True
Let v be 23 + -27 + (1 - -6). Suppose 5*k = 2*r + 24239, -v*k + 3759 = r - 10780. Is k prime?
False
Suppose -160383 + 31835 = -4*a + 4*d, 3*d - 6 = 0. Suppose -213*j - a = -222*j. Is j a composite number?
False
Let u(j) = 494*j**2 + j - 2. Let h be (-6 - -6)/(-2 + 0). Suppose h*r = 4*r - 4. Is u(r) a composite number?
True
Suppose 10992367 = -37*v + 42953226. Is v a composite number?
True
Is (-8 - (-80)/12)*(-12)/8 - -173643 a prime number?
False
Suppose 106*g - 4990328 - 450011 = 3180747. Is g composite?
False
Suppose 32 = 9*s - 4. Suppose 10537 = s*y - 5*d, 10894 = 4*y + d + 363. Is y composite?
False
Suppose -2*a = -4, 2*v - 2*a - 10 = -7*a. Suppose -2*c + r + 3 = -v*c, 12 = 4*r. Is (2 - 7) + c*186 prime?
False
Let t(n) = n**2 - 14*n + 42. Let b be t(10). Suppose b + 2 = -4*a. Is 3 + a + (-4 - -3) + 96 composite?
False
Let m = 572 - 574. Is ((-10)/(-2))/5*m - -256 composite?
True
Let g = 849 - -28058. Is g prime?
False
Let n(h) = -3*h + 17*h - h - 7*h - 6. Let m be n(1). Is (m - 6/4)*(-1174)/3 a composite number?
False
Let c = -210 + 203. Is 2/(-4)*(c + (-331608)/8) composite?
True
Suppose -4*c + 205654 = -2*v, 0 = -3*c + 4*v + 169219 - 14966. Is c a composite number?
True
Let y be (-691)/(-11) - (-100)/550. Is (1 + 1 + -1)/(y/65583) composite?
True
Let u = 97430 - 45783. Is u a composite number?
False
Let v be (-2)/(-10) - 1338/(-10). Suppose 6*n - 9*n - 3 = 0, -3*a + 3*n = -12. Suppose t = a*t - v. Is t a composite number?
False
Suppose 27*m - 202116 = 6*m + 9*m. Is m prime?
True
Let p(r) = 12*r**2 - 85*r + 482. Is p(69) a composite number?
False
Let r = -42312 + 117391. Is r a composite number?
False
Let z(p) = p**2 - 12*p + 3. Let g be z(10). Is (6/(-10))/(g/19295) + -4 a composite number?
False
Suppose -2*y = 0, -3*i - 2*y = -2*i - 16255. Is i a composite number?
True
Let q be (-2 + 2)*4*6/(-24). Suppose -4333 = -5*h - q*h + l, l = 2*h - 1735. Is h a prime number?
False
Let u = -275056 + 473069. Is u prime?
True
Let s(x) = 317*x. Let l be s(3). Let o = 1754 - l. Suppose 0 = -5*g - h + o, 4*h - 497 = -4*g + 139. Is g a prime number?
False
Suppose -3*m = 4*a - 26, -4*m + 4*a + 59 = -13. Suppose -q - m = q. Is (9 + q)/(1 - 267/273) composite?
True
Let m be (-8)/14 + (-36)/(-63). Suppose -5*w = m, -5*w - 2 = -5*o + 8. Let g(s) = 69*s - 11. Is g(o) a prime number?
True
Let t(s) = -2*s**2 + 19*s - 5. Let m be t(9). Suppose 6*a + 10 - m = 0. Is 6/18*(3130 + a) composite?
True
Let v = -844 - -790. Is (-3)/((v/29334)/3) prime?
True
Let r = 1321 - -371. Suppose a + f - r = 0, -4*a + 9499 = -f + 2726. Is a a composite number?
False
Suppose -5*f - 25 = 0, -4420 = -5*p + f + 3*f. Let w(g) = g - 6. Let s be w(12). Suppose s*q - 3*q - a = p, -a - 585 = -2*q. Is q a prime number?
False
Suppose -k = -2*k, 0 = 4*t - 3*k - 3176. Let c = -1122 + t. Is (-6)/9 + c/(-24) a prime number?
True
Let u(y) = -11226*y + 13003. Is u(-60) prime?
True
Let h be 1/6 + (128974/12 - 3). Let s = h - 5164. Is s a composite number?
False
Suppose 0 = -55*q + 42189363 + 1137052. Is q a composite number?
True
Let d = 212 - 213.